{"id":66,"date":"2024-04-10T10:42:15","date_gmt":"2024-04-10T08:42:15","guid":{"rendered":"https:\/\/www.stockholmwest.se\/?page_id=66"},"modified":"2026-04-15T13:41:59","modified_gmt":"2026-04-15T11:41:59","slug":"start","status":"publish","type":"page","link":"https:\/\/www.stockholmwest.se\/","title":{"rendered":"Stockholm West SC"},"content":{"rendered":"\n<p><br>&#8212;&#8212;&#8212;&#8212;-<br>V\u00e4lkommen till Stockholm West SC, en framtr\u00e4dande och inbjudande squashklubb f\u00f6r alla \u00e5ldrar och niv\u00e5er, strategiskt placerad i V\u00e4stra Stockholm, inom de legendariska v\u00e4ggarna i Komethallen. Med tillg\u00e5ng till tre toppmoderna banor erbjuder vi en perfekt arena f\u00f6r b\u00e5de den som tar sina f\u00f6rsta slag och den rutinerade spelaren som vill slipa p\u00e5 sina tekniker.<\/p>\n\n\n\n<p>I centrum av v\u00e5r klubb st\u00e5r v\u00e5ra klubbkv\u00e4llar \u2013 en tid f\u00f6r medlemmar att m\u00f6tas, spela, utmana och framf\u00f6r allt v\u00e4xa tillsammans inom squashsporten. Vi v\u00e4lkomnar varje medlem med \u00f6ppna armar och ser till att du finner en motst\u00e5ndare som matchar just din niv\u00e5, f\u00f6r en s\u00e5 givande och utvecklande upplevelse som m\u00f6jligt.<\/p>\n\n\n\n<p>F\u00f6r den yngre generationen erbjuder vi specialanpassade juniortr\u00e4ningar, d\u00e4r v\u00e5ra engagerade och erfarna medlemmar s\u00e4tter spelgl\u00e4dje och personlig utveckling i f\u00f6rsta rummet.<\/p>\n\n\n\n<p>Vi representera klubben i den nationella squashserien med v\u00e5rt dedikerade serielag. V\u00e5rt t\u00e4vlingsengagemang speglar v\u00e5r ambition att inte bara h\u00f6ja niv\u00e5n p\u00e5 v\u00e5rt eget spel utan ocks\u00e5 att bidra till sportens tillv\u00e4xt och popularitet i Sverige.<\/p>\n\n\n\n<p>V\u00e5r vision \u00e4r att fr\u00e4mja squash som en tillg\u00e4nglig, rolig och utmanande sport f\u00f6r alla. Oavsett om du \u00e4r ute efter att finjustera dina f\u00e4rdigheter, delta i v\u00e5ra sociala aktiviteter eller t\u00e4vla p\u00e5 h\u00f6gre niv\u00e5er, s\u00e5 erbjuder Stockholm West SC en plattform f\u00f6r dig att n\u00e5 dina m\u00e5l.<\/p>\n","protected":false},"excerpt":{"rendered":"<p>&#8212;&#8212;&#8212;&#8212;-V\u00e4lkommen till Stockholm West SC, en framtr\u00e4dande och inbjudande squashklubb f\u00f6r alla \u00e5ldrar och niv\u00e5er, strategiskt placerad i V\u00e4stra Stockholm, inom de legendariska v\u00e4ggarna i Komethallen. Med tillg\u00e5ng till tre toppmoderna banor erbjuder vi en perfekt arena f\u00f6r b\u00e5de den som tar sina f\u00f6rsta slag och den rutinerade spelaren som vill slipa p\u00e5 sina tekniker. [&hellip;]<\/p>\n","protected":false},"author":1,"featured_media":60,"parent":0,"menu_order":0,"comment_status":"closed","ping_status":"closed","template":"","meta":{"_mi_skip_tracking":false},"yoast_head":"<!-- This site is optimized with the Yoast SEO plugin v20.2.1 - https:\/\/yoast.com\/wordpress\/plugins\/seo\/ -->\n<title>Stockholm West SC - Stockholm West Squash Club<\/title>\n<meta name=\"robots\" content=\"index, follow, max-snippet:-1, max-image-preview:large, max-video-preview:-1\" \/>\n<link rel=\"canonical\" href=\"https:\/\/www.stockholmwest.se\/\" \/>\n<meta property=\"og:locale\" content=\"sv_SE\" \/>\n<meta property=\"og:type\" content=\"article\" \/>\n<meta property=\"og:title\" content=\"Stockholm West SC - Stockholm West Squash Club\" \/>\n<meta property=\"og:description\" content=\"&#8212;&#8212;&#8212;&#8212;-V\u00e4lkommen till Stockholm West SC, en framtr\u00e4dande och inbjudande squashklubb f\u00f6r alla \u00e5ldrar och niv\u00e5er, strategiskt placerad i V\u00e4stra Stockholm, inom de legendariska v\u00e4ggarna i Komethallen. Med tillg\u00e5ng till tre toppmoderna banor erbjuder vi en perfekt arena f\u00f6r b\u00e5de den som tar sina f\u00f6rsta slag och den rutinerade spelaren som vill slipa p\u00e5 sina tekniker. [&hellip;]\" \/>\n<meta property=\"og:url\" content=\"https:\/\/www.stockholmwest.se\/\" \/>\n<meta property=\"og:site_name\" content=\"Stockholm West Squash Club\" \/>\n<meta property=\"article:publisher\" content=\"https:\/\/www.facebook.com\/groups\/153496818182889\/\" \/>\n<meta property=\"article:modified_time\" content=\"2026-04-15T11:41:59+00:00\" \/>\n<meta property=\"og:image\" content=\"https:\/\/www.stockholmwest.se\/wp-content\/uploads\/2023\/06\/cropped-cropped-Juniorer-2-scaled-1.jpg\" \/>\n\t<meta property=\"og:image:width\" content=\"1280\" \/>\n\t<meta property=\"og:image:height\" content=\"416\" \/>\n\t<meta property=\"og:image:type\" content=\"image\/jpeg\" \/>\n<meta name=\"twitter:card\" content=\"summary_large_image\" \/>\n<meta name=\"twitter:label1\" content=\"Ber\u00e4knad l\u00e4stid\" \/>\n\t<meta name=\"twitter:data1\" content=\"2 minuter\" \/>\n<script type=\"application\/ld+json\" class=\"yoast-schema-graph\">{\"@context\":\"https:\/\/schema.org\",\"@graph\":[{\"@type\":\"WebPage\",\"@id\":\"https:\/\/www.stockholmwest.se\/\",\"url\":\"https:\/\/www.stockholmwest.se\/\",\"name\":\"Stockholm West SC - Stockholm West Squash Club\",\"isPartOf\":{\"@id\":\"https:\/\/www.stockholmwest.se\/#website\"},\"datePublished\":\"2024-04-10T08:42:15+00:00\",\"dateModified\":\"2026-04-15T11:41:59+00:00\",\"breadcrumb\":{\"@id\":\"https:\/\/www.stockholmwest.se\/#breadcrumb\"},\"inLanguage\":\"sv-SE\",\"potentialAction\":[{\"@type\":\"ReadAction\",\"target\":[\"https:\/\/www.stockholmwest.se\/\"]}]},{\"@type\":\"BreadcrumbList\",\"@id\":\"https:\/\/www.stockholmwest.se\/#breadcrumb\",\"itemListElement\":[{\"@type\":\"ListItem\",\"position\":1,\"name\":\"Home\",\"item\":\"https:\/\/www.stockholmwest.se\/\"},{\"@type\":\"ListItem\",\"position\":2,\"name\":\"Stockholm West SC\"}]},{\"@type\":\"WebSite\",\"@id\":\"https:\/\/www.stockholmwest.se\/#website\",\"url\":\"https:\/\/www.stockholmwest.se\/\",\"name\":\"Stockholm West Squash Club\",\"description\":\"\",\"publisher\":{\"@id\":\"https:\/\/www.stockholmwest.se\/#organization\"},\"potentialAction\":[{\"@type\":\"SearchAction\",\"target\":{\"@type\":\"EntryPoint\",\"urlTemplate\":\"https:\/\/www.stockholmwest.se\/?s={search_term_string}\"},\"query-input\":\"required name=search_term_string\"}],\"inLanguage\":\"sv-SE\"},{\"@type\":\"Organization\",\"@id\":\"https:\/\/www.stockholmwest.se\/#organization\",\"name\":\"Stockholm West Squash Club\",\"url\":\"https:\/\/www.stockholmwest.se\/\",\"logo\":{\"@type\":\"ImageObject\",\"inLanguage\":\"sv-SE\",\"@id\":\"https:\/\/www.stockholmwest.se\/#\/schema\/logo\/image\/\",\"url\":\"https:\/\/www.stockholmwest.se\/wp-content\/uploads\/2023\/06\/Stockholm-West-SC-logo.jpg\",\"contentUrl\":\"https:\/\/www.stockholmwest.se\/wp-content\/uploads\/2023\/06\/Stockholm-West-SC-logo.jpg\",\"width\":116,\"height\":173,\"caption\":\"Stockholm West Squash Club\"},\"image\":{\"@id\":\"https:\/\/www.stockholmwest.se\/#\/schema\/logo\/image\/\"},\"sameAs\":[\"https:\/\/www.facebook.com\/groups\/153496818182889\/\"]}]}<\/script>\n<!-- \/ Yoast SEO plugin. -->","yoast_head_json":{"title":"Stockholm West SC - Stockholm West Squash Club","robots":{"index":"index","follow":"follow","max-snippet":"max-snippet:-1","max-image-preview":"max-image-preview:large","max-video-preview":"max-video-preview:-1"},"canonical":"https:\/\/www.stockholmwest.se\/","og_locale":"sv_SE","og_type":"article","og_title":"Stockholm West SC - Stockholm West Squash Club","og_description":"&#8212;&#8212;&#8212;&#8212;-V\u00e4lkommen till Stockholm West SC, en framtr\u00e4dande och inbjudande squashklubb f\u00f6r alla \u00e5ldrar och niv\u00e5er, strategiskt placerad i V\u00e4stra Stockholm, inom de legendariska v\u00e4ggarna i Komethallen. Med tillg\u00e5ng till tre toppmoderna banor erbjuder vi en perfekt arena f\u00f6r b\u00e5de den som tar sina f\u00f6rsta slag och den rutinerade spelaren som vill slipa p\u00e5 sina tekniker. [&hellip;]","og_url":"https:\/\/www.stockholmwest.se\/","og_site_name":"Stockholm West Squash Club","article_publisher":"https:\/\/www.facebook.com\/groups\/153496818182889\/","article_modified_time":"2026-04-15T11:41:59+00:00","og_image":[{"width":1280,"height":416,"url":"https:\/\/www.stockholmwest.se\/wp-content\/uploads\/2023\/06\/cropped-cropped-Juniorer-2-scaled-1.jpg","type":"image\/jpeg"}],"twitter_card":"summary_large_image","twitter_misc":{"Ber\u00e4knad l\u00e4stid":"2 minuter"},"schema":{"@context":"https:\/\/schema.org","@graph":[{"@type":"WebPage","@id":"https:\/\/www.stockholmwest.se\/","url":"https:\/\/www.stockholmwest.se\/","name":"Stockholm West SC - Stockholm West Squash Club","isPartOf":{"@id":"https:\/\/www.stockholmwest.se\/#website"},"datePublished":"2024-04-10T08:42:15+00:00","dateModified":"2026-04-15T11:41:59+00:00","breadcrumb":{"@id":"https:\/\/www.stockholmwest.se\/#breadcrumb"},"inLanguage":"sv-SE","potentialAction":[{"@type":"ReadAction","target":["https:\/\/www.stockholmwest.se\/"]}]},{"@type":"BreadcrumbList","@id":"https:\/\/www.stockholmwest.se\/#breadcrumb","itemListElement":[{"@type":"ListItem","position":1,"name":"Home","item":"https:\/\/www.stockholmwest.se\/"},{"@type":"ListItem","position":2,"name":"Stockholm West SC"}]},{"@type":"WebSite","@id":"https:\/\/www.stockholmwest.se\/#website","url":"https:\/\/www.stockholmwest.se\/","name":"Stockholm West Squash Club","description":"","publisher":{"@id":"https:\/\/www.stockholmwest.se\/#organization"},"potentialAction":[{"@type":"SearchAction","target":{"@type":"EntryPoint","urlTemplate":"https:\/\/www.stockholmwest.se\/?s={search_term_string}"},"query-input":"required name=search_term_string"}],"inLanguage":"sv-SE"},{"@type":"Organization","@id":"https:\/\/www.stockholmwest.se\/#organization","name":"Stockholm West Squash Club","url":"https:\/\/www.stockholmwest.se\/","logo":{"@type":"ImageObject","inLanguage":"sv-SE","@id":"https:\/\/www.stockholmwest.se\/#\/schema\/logo\/image\/","url":"https:\/\/www.stockholmwest.se\/wp-content\/uploads\/2023\/06\/Stockholm-West-SC-logo.jpg","contentUrl":"https:\/\/www.stockholmwest.se\/wp-content\/uploads\/2023\/06\/Stockholm-West-SC-logo.jpg","width":116,"height":173,"caption":"Stockholm West Squash Club"},"image":{"@id":"https:\/\/www.stockholmwest.se\/#\/schema\/logo\/image\/"},"sameAs":["https:\/\/www.facebook.com\/groups\/153496818182889\/"]}]}},"_links":{"self":[{"href":"https:\/\/www.stockholmwest.se\/index.php?rest_route=\/wp\/v2\/pages\/66"}],"collection":[{"href":"https:\/\/www.stockholmwest.se\/index.php?rest_route=\/wp\/v2\/pages"}],"about":[{"href":"https:\/\/www.stockholmwest.se\/index.php?rest_route=\/wp\/v2\/types\/page"}],"author":[{"embeddable":true,"href":"https:\/\/www.stockholmwest.se\/index.php?rest_route=\/wp\/v2\/users\/1"}],"replies":[{"embeddable":true,"href":"https:\/\/www.stockholmwest.se\/index.php?rest_route=%2Fwp%2Fv2%2Fcomments&post=66"}],"version-history":[{"count":6,"href":"https:\/\/www.stockholmwest.se\/index.php?rest_route=\/wp\/v2\/pages\/66\/revisions"}],"predecessor-version":[{"id":212,"href":"https:\/\/www.stockholmwest.se\/index.php?rest_route=\/wp\/v2\/pages\/66\/revisions\/212"}],"wp:featuredmedia":[{"embeddable":true,"href":"https:\/\/www.stockholmwest.se\/index.php?rest_route=\/wp\/v2\/media\/60"}],"wp:attachment":[{"href":"https:\/\/www.stockholmwest.se\/index.php?rest_route=%2Fwp%2Fv2%2Fmedia&parent=66"}],"curies":[{"name":"wp","href":"https:\/\/api.w.org\/{rel}","templated":true}]}}